 1416968273 a prime number?
False
Is 22674595 a composite number?
True
Is 7600038463 composite?
False
Is 3750356991 a composite number?
True
Is 2369262899 a composite number?
False
Is 61154525371 composite?
False
Is 723087283 a prime number?
True
Is 542917103 prime?
True
Is 2571139031 a composite number?
True
Is 43623936799 a prime number?
True
Is 4592324227 composite?
True
Is 11810369877 a prime number?
False
Is 52492769003 a composite number?
False
Is 204795103 composite?
False
Is 39640287581 composite?
False
Is 8776025543 a prime number?
False
Is 50228467 prime?
True
Is 761489243 composite?
True
Is 869800093 a prime number?
False
Is 1713398623 a composite number?
True
Is 29258903 a prime number?
False
Is 261912489961 composite?
False
Is 489250869 composite?
True
Is 104672981 composite?
True
Is 1263098723 prime?
True
Is 411214429 composite?
False
Is 3173399353 a prime number?
True
Is 2968256009 prime?
True
Is 9359137313 composite?
True
Is 1702709417 a prime number?
True
Is 11046164827 a composite number?
False
Is 555987041 prime?
False
Is 3769580593 a prime number?
True
Is 689264206 a prime number?
False
Is 107124285119 a composite number?
True
Is 7902787337 prime?
True
Is 33677054443 composite?
False
Is 20574944347 a composite number?
False
Is 5406984806 a composite number?
True
Is 969557591 a prime number?
True
Is 1284533737 a composite number?
False
Is 198903193 a composite number?
True
Is 5697308741 a composite number?
False
Is 6082273319 a prime number?
False
Is 10142847667 a composite number?
True
Is 3367675109 prime?
True
Is 802852507 a composite number?
False
Is 185477927 a composite number?
False
Is 4881280627 a composite number?
False
Is 259071071 a composite number?
True
Is 193384350377 composite?
False
Is 37925905 composite?
True
Is 515137879 a prime number?
True
Is 1718136241 composite?
True
Is 175485796207 composite?
False
Is 45524908501 composite?
True
Is 352052243 a prime number?
True
Is 45331575931 a composite number?
True
Is 534990103 prime?
False
Is 42277900327 a prime number?
False
Is 5700619999 a composite number?
True
Is 1464889183 a composite number?
False
Is 4056559351 prime?
False
Is 959604857 composite?
False
Is 18192241913 a composite number?
True
Is 317771099 composite?
True
Is 417987929 composite?
False
Is 328919593 a prime number?
True
Is 116269855391 composite?
True
Is 32093757569 a composite number?
True
Is 34489926637 composite?
False
Is 817055069 a composite number?
True
Is 372917309 prime?
True
Is 16960631 composite?
False
Is 159212219 a prime number?
True
Is 259394871 composite?
True
Is 219853421 prime?
False
Is 126247747 a prime number?
True
Is 1094075501 composite?
False
Is 216383231 prime?
False
Is 6026985887 a prime number?
False
Is 29251664561 composite?
True
Is 61696739977 a composite number?
True
Is 12655455949 a prime number?
True
Is 132669266659 composite?
True
Is 517259779 composite?
True
Is 4690195417 a prime number?
True
Is 1049065481 a composite number?
False
Is 873692899 composite?
False
Is 190114291 a composite number?
False
Is 2645365523 composite?
False
Is 18492017891 a composite number?
False
Is 4434827003 composite?
False
Is 203942059 a prime number?
True
Is 885754277 composite?
False
Is 1193800493 a composite number?
False
Is 5986285271 prime?
True
Is 111087064013 a prime number?
True
Is 4624697089 a composite number?
False
Is 665555809 a composite number?
True
Is 19009879939 prime?
False
Is 46025643259 a prime number?
False
Is 7373637409 prime?
False
Is 2654783821 a prime number?
True
Is 203946989243 prime?
True
Is 198216251 prime?
True
Is 4156468739 prime?
False
Is 236929597 composite?
False
Is 238916618 composite?
True
Is 3771657053 a prime number?
True
Is 49773551 a prime number?
False
Is 471229085 prime?
False
Is 2998328887 a prime number?
False
Is 1759896817 composite?
True
Is 46750482179 composite?
False
Is 911569081 a composite number?
False
Is 2081127941 prime?
True
Is 17654285639 a composite number?
True
Is 1162984513 prime?
True
Is 4894792627 prime?
False
Is 181548935 prime?
False
Is 18411616247 a prime number?
True
Is 273665699 prime?
False
Is 636521471 a composite number?
True
Is 1709671181 a composite number?
True
Is 16910054501 a composite number?
True
Is 16444272419 prime?
True
Is 80103019 a composite number?
True
Is 412297997 composite?
True
Is 2919222143 prime?
False
Is 733308305 composite?
True
Is 430570498739 a composite number?
False
Is 1316054569 a composite number?
True
Is 10205700067 a composite number?
False
Is 6904614623 composite?
False
Is 88354095083 prime?
True
Is 23773005869 a composite number?
True
Is 773398331 a composite number?
False
Is 7921794731 composite?
True
Is 2302510487 a prime number?
False
Is 213299177989 prime?
True
Is 5883201593 prime?
False
Is 10316491267 composite?
True
Is 14778681403 prime?
False
Is 9295451483 a prime number?
False
Is 380719681 a composite number?
True
Is 1704873197 composite?
False
Is 23098596977 prime?
True
Is 18013758557 a prime number?
True
Is 141612841 composite?
False
Is 14454359291 a composite number?
False
Is 5891872451 a composite number?
False
Is 44147248669 a prime number?
True
Is 5346769913 composite?
True
Is 1554514373 composite?
True
Is 487284815971 a prime number?
True
Is 2587953373 composite?
False
Is 599522537 composite?
False
Is 18094631 a composite number?
True
Is 11884840547 composite?
False
Is 8715985951 prime?
False
Is 3181823661 a composite number?
True
Is 955627949 a composite number?
False
Is 1567277551 composite?
True
Is 1931642129 composite?
True
Is 3743517907 composite?
True
Is 548191938473 composite?
False
Is 7102601197 composite?
False
Is 1100295319 a composite number?
False
Is 1352687801 a prime number?
False
Is 126086093087 composite?
False
Is 1379016559 a prime number?
True
Is 8605212227 composite?
False
Is 6988397483 prime?
False
Is 929353354 a prime number?
False
Is 857371849 a composite number?
False
Is 12858438817 a prime number?
False
Is 13670502181 composite?
True
Is 1054152497 prime?
True
Is 26898134537 prime?
True
Is 450814285 prime?
False
Is 711144823 a composite number?
False
Is 821427241 prime?
False
Is 1933194707 a prime number?
True
Is 141944503 composite?
False
Is 5161212361 a prime number?
True
Is 5540850683 a prime number?
True
Is 3316512487 prime?
False
Is 1254260719 composite?
False
Is 37173318829 a prime number?
True
Is 6357872897 prime?
False
Is 142258455301 prime?
True
Is 38660071342 composite?
True
Is 3759978911 a prime number?
False
Is 10232915347 a prime number?
True
Is 1512728027 composite?
True
Is 12655232167 composite?
True
Is 5019552077 a prime number?
True
Is 952112389 a prime number?
True
Is 69608097751 a composite number?
False
Is 3728472989 a prime number?
False
Is 7186587257 a composite number?
False
Is 939536137 prime?
True
Is 108764093551 a prime number?
True
Is 13114735457 prime?
True
Is 18505739195 a prime number?
False
Is 3194750626 a prime number?
False
Is 20675630287 a composite number?
True
Is 86064789 a prime number?
False
Is 292417639 composite?
False
Is 3603185413 a prime number?
True
Is 55330871 composite?
True
Is 908633867 a composite number?
True
Is 39497632853 a prime number?
False
Is 12326551 a composite number?
True
Is 172974679 a composite number?
True
Is 42506797157 prime?
False
Is 769879927 prime?
True
Is 129384788367 prime?
False
Is 7125298373 a composite number?
False
Is 19971600541 a prime number?
True
Is 13953795473 a composite number?
False
Is 191954411 a prime number?
False
Is 2131154097 prime?
False
Is 13221112217 prime?
False
Is 921478427 prime?
False
Is 248846749 composite?
False
Is 15808449053 a composite number?
False
Is 86623151137 composite?
True
Is 122882500763 a prime number?
False
Is 13088075837 a prime number?
False
Is 470510461 a prime number?
False
Is 3009191359 a prime number?
False
Is 3051788529 prime?
False
Is 2860674571 composite?
True
Is 54797383 composite?
False
Is 4996762943 composite?
False
Is 5000538743 prime?
False
Is 5738601689 composite?
False
Is 51898045987 composite?
False
Is 1134230411 a prime number?
True
Is 11050990229 prime?
False
Is 12104847217 prime?
True
Is 20771845139 a composite number?
True
Is 17799700999 prime?
False
Is 29889361309 composite?
False
Is 7802068013 composite?
True
Is 66263413 